431?
-2656
In base 16, what is -4b + -1cd2?
-1d1d
In base 6, what is -330 + 140203?
135433
In base 14, what is 26217c + 3?
262181
In base 13, what is 16 + 4aa1?
4ab7
In base 14, what is -5abd1 - 3?
-5abd4
In base 14, what is -1 + 1cb6b3?
1cb6b2
In base 9, what is 3667 + 10?
3677
In base 2, what is -101 + 11000110011010?
11000110010101
In base 5, what is 0 + -3042034?
-3042034
In base 5, what is -32 - 101432?
-102014
In base 3, what is 1220100 - -2202002?
11122102
In base 8, what is -470 - -466?
-2
In base 3, what is -11 - 22021212222?
-22021220010
In base 11, what is 0 - 97295?
-97295
In base 15, what is c + 126a?
1277
In base 3, what is 21011011 - -111?
21011122
In base 4, what is 11332102 - -1?
11332103
In base 2, what is 100001101 + 10100?
100100001
In base 3, what is 2200100012 - 111?
2200022201
In base 2, what is 11011110110 + 1111101?
11101110011
In base 4, what is -330213302 - -3?
-330213233
In base 13, what is 1470 - -9?
1479
In base 5, what is 213343011 + -2?
213343004
In base 7, what is 5 + -300353?
-300345
In base 9, what is 237006 - -5?
237012
In base 14, what is -2 + 3000?
2ddc
In base 6, what is 45011034 - -2?
45011040
In base 9, what is -1 - -48425?
48424
In base 8, what is 15 + 5013?
5030
In base 5, what is 4 - -343311?
343320
In base 4, what is 2012 - 22211?
-20133
In base 6, what is 1140055 + -2?
1140053
In base 9, what is 1425 - -2?
1427
In base 7, what is 5465 + -445?
5020
In base 14, what is -729d - 1c?
-72bb
In base 5, what is 13102 + -220?
12332
In base 3, what is 2 + 1220021110?
1220021112
In base 3, what is -110021022 + -100122?
-110121221
In base 3, what is 21212212100 + 12?
21212212112
In base 11, what is -5a - 785?
-834
In base 6, what is -1130 - -304?
-422
In base 12, what is 27b89 - -a?
27b97
In base 14, what is d - -35211?
35220
In base 12, what is 58 - 740?
-6a4
In base 12, what is -8 + -1044a3?
-1044ab
In base 14, what is -1c - 8597?
-85b5
In base 8, what is 31552212 + -4?
31552206
In base 12, what is -764 - 133?
-897
In base 5, what is -14330430 - 30?
-14331010
In base 8, what is 5223 - 214?
5007
In base 4, what is -222131 + 3132?
-212333
In base 15, what is -11789 - -5?
-11784
In base 4, what is 1312303122 - 0?
1312303122
In base 8, what is -20 + 637250?
637230
In base 14, what is b4 - 1d?
95
In base 15, what is -b - 815?
-821
In base 13, what is 0 - -c3c6?
c3c6
In base 12, what is 1839 - -232?
1a6b
In base 10, what is -22 - -1932?
1910
In base 15, what is -74 - -61?
-13
In base 11, what is -20 + 17a81?
17a61
In base 5, what is -33230 - -4012?
-24213
In base 7, what is 123354 - 0?
123354
In base 14, what is 1a59b - -4?
1a5a1
In base 5, what is 1102121 - 2?
1102114
In base 10, what is 0 + -2453?
-2453
In base 12, what is 274b + 13?
2762
In base 13, what is -3917b + -1?
-3917c
In base 2, what is 10001010011110 - 1010100?
10001001001010
In base 7, what is -222561 + -5?
-222566
In base 2, what is 11101000 - 1111110?
1101010
In base 4, what is 123010132 + -32?
123010100
In base 7, what is 0 - -142264?
142264
In base 6, what is 15305505 - -2?
15305511
In base 16, what is -7d + 99f?
922
In base 7, what is -5 - 1202502?
-1202510
In base 5, what is 132223244 - -2?
132223301
In base 10, what is 486 + -31?
455
In base 13, what is 56 - -37?
90
In base 3, what is -220110122200 + 0?
-220110122200
In base 16, what is 42 - -1a?
5c
In base 16, what is 4 - -158d?
1591
In base 9, what is 103 + -4023?
-3820
In base 10, what is -1493 + 84?
-1409
In base 3, what is 10 - -120022011?
120022021
In base 7, what is -1561 + 221?
-1340
In base 16, what is 1 + 76f8?
76f9
In base 10, what is -1 - -726172?
726171
In base 8, what is -2 - 214300?
-214302
In base 15, what is -32143 + 10?
-32133
In base 13, what is 1 + 497c1?
497c2
In base 10, what is -4 + -49922?
-49926
In base 10, what is 180 - -75?
255
In base 9, what is -2051367 - -5?
-2051362
In base 11, what is -47 + -1422?
-1469
In base 7, what is 462 + -613?
-121
In base 16, what is -11e30 - 4?
-11e34
In base 16, what is be9cd + 2?
be9cf
In base 15, what is 5 + -5447?
-5442
In base 5, what is -14344 + -14414?
-34313
In base 13, what is 15b - 591?
-433
In base 5, what is -40442 - -1321?
-34121
In base 12, what is 4 - -222400?
222404
In base 5, what is -10211 - -2310?
-2401
In base 14, what is 35 + -21dd?
-21a8
In base 10, what is 110095 - -8?
110103
In base 2, what is -10 - -10001000011111100?
10001000011111010
In base 8, what is 62123 + 2?
62125
In base 2, what is -110000001 + -101011?
-110101100
In base 4, what is 21231020 + -3?
21231011
In base 3, what is 12 + -1110111020?
-1110111001
In base 7, what is -1635663 + -1?
-1635664
In base 9, what is -26 + -5870?
-6006
In base 9, what is -102 + -275?
-377
In base 3, what is 1210000 - 12020?
1120210
In base 4, what is 202 - 12022?
-11220
In base 8, what is -24147 - -4?
-24143
In base 8, what is -2547 - 241?
-3010
In base 14, what is 706 - 44?
6a2
In base 11, what is -9922aa - 3?
-992302
In base 11, what is 150 - 164?
-14
In base 2, what is -111001 + 1101011?
110010
In base 11, what is 17a8 - 86?
1722
In base 3, what is 101210012021 - 1?
101210012020
In base 3, what is 1121 + 2211210111?
2211212002
In base 4, what is 10 + -1002333233?
-1002333223
In base 9, what is 5 + 113432?
113437
In base 6, what is -33 + -2535?
-3012
In base 2, what is -11 + 10011000110001?
10011000101110
In base 5, what is -2 - -203312?
203310
In base 11, what is 2847 + 101?
2948
In base 6, what is 1 + 2534?
2535
In base 3, what is -10 + -1101020021?
-1101020101
In base 12, what is 33 - 79?
-46
In base 13, what is -660 + c2?
-56b
In base 16, what is ef + -14e5?
-13f6
In base 15, what is 61b + a?
626
In base 13, what is 498 - -58b?
a56
In base 8, what is 13 + 24456?
24471
In base 16, what is -2d97c - 0?
-2d97c
In base 5, what is -102 - 422?
-1024
In base 14, what is 15d - 24?
139
In base 4, what is -2300323102 - 11?
-2300323113
In base 11, what is -838 + 1928?
10a0
In base 3, what is 1211001 - 122?
1210102
In base 3, what is 20121 + -1112?
12002
In base 5, what is -203 - -1131?
423
In base 16, what is 0 - -1f81?
1f81
In base 16, what is 172 - 47c?
-30a
In base 10, what is -4 + 651?
647
In base 15, what is -15 - 272?
-287
In base 11, what is -40382 + -66?
-40438
In base 4, what is 10 + -2203331?
-2203321
In base 9, what is 3 + -638322?
-638318
In base 16, what is -2a5c3 + -2?
-2a5c5
In base 12, what is -5 + -9059?
-9062
In base 16, what is 13a + -772?
-638
In base 4, what is 2 + -101200?
-101132
In base 10, what is 94 + -112?
-18
In base 12, what is 8a - 1630?
-1562
In base 6, what is 100030 + -405?
55221
In base 4, what is 123012202 + -3?
123012133
In base 7, what is -2 + 154100?
154065
In base 2, what is -100000000000 + 11000001?
-11100111111
In base 3, what is 110201 + -210?
102221
In base 9, what is 0 + 67372?
67372
In base 3, what is 12 + -112222222?
-112222210
In base 12, what is 8 + -11a5?
-1199
In base 2, what is -10 - -11111011000?
11111010110
In base 4, what is 23 - 220110?
-220021
In base 11, what is -6a91 - -11?
-6a80
In base 11, what is 887 + -35?
852
In base 6, what is 51440 + -2?
51434
In base 4, what is -11 - -1123320321?
1123320310
In base 4, what is 1313022 - -1?
1313023
In base 2, what is -10110 - -111000101011?
111000010101
In base 9, what is 1 - -1000572?
1000573
In base 8, what is -145166 - -4?
-145162
In base 6, what is 3154 - 25?
3125
In base 16, what is -8 + -34c?
-354
In base 11, what is -5 + 9414?
940a
In base 11, what is -6 + -15a601?
-15a607
In base 14, what is 10b5 + 3d?
1114
In base 6, what is 1350153 + -21?
1350132
In base 11, what is 10 - -362?
372
In base 2, what is -1000001 + -1001011110?
-1010011111
In base 4, what is -3233003033 - -1?
-3233003032
In base 6, what is -2243525 - 2?
-2243531
In base 6, what is 23 + -10544?
-10521
In base 4, what is -10 + 2123?
2113
In base 7, what is 542021 - -3?
542024
In base 10, what is -2 - -4369?
4367
In base 3, what is 12001 - 1200000002?
-1122211001
In base 5, what is 3401 - -4212?
13113
In base 6, what is 31332 - 3?
31325
In base 2, what is -101001101001001011 - 100?
-101001101001001111
In base 11, what is -9627 + 147?
-9490
In base 16, what is -11b1 - 7?
-11b8
In base 5, what is 11 - 13332344?
-13332333
In base 9, what is -7662775 + -1?
-7662776
In base 2, what is -101100 + -1010010011?
-1010